*2 + 1. Let b be d(1). Let u be 6/(-21) + b/21. Give c(u).
2
Let j(x) = -x**3 + 5*x**2 + 9*x - 8. Let s(o) = 3*o + 72. Let b be s(-18). Suppose 12 = b*c - 16*c. What is j(c)?
10
Let g = -886 + 890. Let t(z) = -3*z + 0*z**2 - 4 + 3*z**2 - 3*z**2 + 2*z**2. Calculate t(g).
16
Suppose -42*n - 414 = 6*n + 21*n. Let i(o) = -15*o - 86. Determine i(n).
4
Suppose -4*o + 9 = -3, 13 = -2*s + o. Let f(a) = -a**3 + 4*a**2 - 5*a + 164. Let u(z) = -z**3 + 2*z**2 - 5*z + 131. Let k(m) = 4*f(m) - 5*u(m). Calculate k(s).
1
Let h(a) = -2*a**2 - 3*a - 2. Let y = -9919 - -9915. Calculate h(y).
-22
Let a(q) = -q + 17. Let w(i) = 2*i**2 - i - 10. Let z(r) = -r**3 + 2*r**2 + r + 3. Let h be z(3). Let c be w(h). What is a(c)?
6
Suppose 16 = 3*i + 16. Let k(y) = -432 - 8*y + i*y**2 + y**2 + 419. Determine k(9).
-4
Let x(r) = -5*r - 116. Suppose -v - 12 = 5*s, s = 4*v - v + 68. Calculate x(v).
-6
Let w be 0/(-4 + (-1 - -4)). Let v(u) = u + 5. Let t(b) = -7*b - 43. Let i(l) = -t(l) - 6*v(l). What is i(w)?
13
Let f(v) be the first derivative of v**2 - 76*v + 2706. What is f(17)?
-42
Let y(o) = o**3 + 6*o**2 + o. Suppose 0 = -12*g + 8*g + 40. Let j be (-17 + 16)/((g/(-12))/(-5)). Give y(j).
-6
Let j = -108 + 112. Suppose 36 = -j*w - 0*w + 2*h, -h - 37 = 3*w. Let o(m) = -m**2 - 10*m. Calculate o(w).
-11
Suppose 0 = 4*f - 3*f - 2. Let a(s) = 26 + s**3 - 34 - 7*s + f*s - 6*s**2. Let t = -24 - -31. Calculate a(t).
6
Let l(g) = -3*g + 2. Let n be (-272)/(-64) - 2/8. Suppose 3*a + 21 = -n*u - 16, -2*a = 5*u + 41. Determine l(u).
23
Let k(q) = -2275*q**2 + 7*q + 2276*q**2 - 5 + 13. Calculate k(-1).
2
Let d be (-1)/(-4) - 54/(-8). Let q(v) = -v**2 + v. Let j(w) be the second derivative of w**4/6 - 5*w**3/3 + 7*w**2/2 - 12*w. Let k(s) = j(s) + q(s). Give k(d).
-7
Suppose -6 = 199*i - 202*i. Let h(n) = -4*n - 5. Let t(z) = -5*z - 3. Let f(q) = i*h(q) - 3*t(q). Suppose 2*b - 3 = -1. Determine f(b).
6
Let d(z) be the second derivative of -45/2*z**2 + 0*z**4 + 8*z - 1/60*z**5 + 0 + 2/3*z**3. Let c(f) be the first derivative of d(f). What is c(3)?
-5
Let d be 3/30 - 295/100*-2. Let z(r) be the third derivative of -r**5/60 - r**3/3 - 29*r**2. Calculate z(d).
-38
Let u(m) = -19*m + 7. Let h be (2 - 5)*95/95. Give u(h).
64
Let z(b) = 46 - 173 + 2*b + 48 + 75 + 0*b. Suppose w - 3 = 1. Calculate z(w).
4
Let g = 18 + -18. Suppose -2*w = -3*x - g*w + 1, -x + 5*w + 9 = 0. Let l be (9 - 4) + x + -2. Let n(i) = i**3 - 2*i**2 + 1. Give n(l).
1
Let s(w) = w**3 + 7*w**2 - w - 9. Let g(l) = 2*l + 28. Let j be g(-12). Suppose -j*i = -9*i - 35. Determine s(i).
-2
Suppose -9*t + 30 + 44 = -25. Let l(i) = -5 - 5 + 1 + i. Calculate l(t).
2
Let d(b) = 5 + 3 - 2 - 9 - b. Let k(t) = -3*t - 6. Let n(l) = -5*d(l) + 2*k(l). What is n(3)?
0
Let v = 8 + -5. Let o(s) = -s**3 - 29*s**2 + 28*s - 56. Let g be o(-30). Let q(n) = -2608*n + g - 4 + 2610*n. Calculate q(v).
6
Let d(j) = 3*j + 93. Let r be d(-5). Let t = -69 + r. Let f(x) = -x**3 + 8*x**2 + 9*x - 4. What is f(t)?
-4
Suppose -p = 337*v - 340*v + 21, -4*p + 4*v - 44 = 0. Let c(u) = -u**3 - 4*u**2 + 9*u + 3. Calculate c(p).
21
Let w(m) be the first derivative of -m**2 + 6*m + 83. Give w(9).
-12
Suppose -20*x + 5*x + 4080 = 0. Let l = 268 - x. Let m(j) = j**3 + 3*j**2 + 2*j + 4. Calculate m(l).
-20
Let r be -1*6/((-30)/5). Let b(l) = -l**3 + 1. Let n(m) = -10*m**3 + m + 1. Let c(u) = -2*b(u) + n(u). What is c(r)?
-8
Suppose -2*l + 52 = -5*f + 406, 2*f = -4*l + 156. Let v(t) = f + 9*t**2 + 81 - 152. Calculate v(1).
10
Let i(y) = 3*y + 216. Let w(q) = -3*q - 193. Let o(r) = -7*i(r) - 8*w(r). Give o(-14).
-10
Suppose 0 = 7*a - 23*a + 80. Let y(j) = -7*j**2 - j + 4 + j**2 + a*j**2 + 2*j**2. What is y(5)?
24
Let a(x) = -10*x + 145. Suppose 565*h - 165*h = -756 + 5956. Determine a(h).
15
Let z(v) = 2*v**3 - 5*v**2 + 4*v + 1. Suppose -2*f - 8 = -2*i, -33*f + 7 = 2*i - 34*f. Calculate z(i).
22
Let p be (-3 - -1 - -1)*-4. Let v(s) = -15*s + 19. Let b(y) be the second derivative of 7*y**3/6 - 9*y**2/2 - 92*y. Let l(g) = 13*b(g) + 6*v(g). Calculate l(p).
1
Let f(t) = 68*t**2 + 5*t. Let s(y) = -56*y**2 - 6*y - 1. Let d(n) = -5*f(n) - 6*s(n). Calculate d(3).
3
Let s(z) = -12*z + 24. Suppose 824*k + 545 = 933*k. What is s(k)?
-36
Let r(n) be the third derivative of -n**6/120 + n**5/12 + n**4/12 + 14*n**3/3 + 308*n**2 - n. What is r(6)?
4
Let n(j) = -1291*j - 1497*j + 24 + 2782*j. Calculate n(-10).
84
Let u(z) be the first derivative of 3*z**2/2 - 19*z - 3. Let h = -91182 - -91191. Determine u(h).
8
Let r = -144 + 146. Let x(y) = 86*y + 6*y**2 - 7*y**2 - r - 84*y + y**3. Suppose -3*a + 4*i = 2, 2*a - 16 = -2*a - 4*i. Calculate x(a).
6
Let o(s) = s + 6 + s + 2*s - 2*s. Suppose 0 = 2*y + q - 17, -3*y - 2*y - 5*q = -45. Suppose y*u = 24*u + 128. Calculate o(u).
-10
Suppose 2*h - 4*w - 8 = 0, -20 = -5*h - 3*w + w. Suppose -2*o - 2 = 4*l, -h*l + 0*l = 5*o + 17. Let k(v) = -v**3 - 4*v**2 + 2*v - 10. Determine k(o).
5
Suppose -u = 3 - 6. Let v(c) = 19*c**2 + 0 + 1 - 23*c**2 - 3 + u*c. Determine v(2).
-12
Let l(v) = -5*v**3 - 7*v**2 + 3*v - 10. Let t be -3 + 0 - (-512)/(-64). Let i(o) = 14*o**3 + 21*o**2 - 8*o + 29. Let g(w) = t*l(w) - 4*i(w). Calculate g(-7).
1
Let v = 75 + -72. Let m(n) = 3*n + 21 + v + 2 - 2. Let j be m(-6). Let k(f) = -3*f + 4. What is k(j)?
-14
Let x(h) = h**2 + 16 - 20 + 51 + 20*h - 17. Calculate x(-19).
11
Let b(p) = -25*p - 12. Let c(g) = -14*g - 6. Let a(l) = 4*b(l) - 7*c(l). Determine a(-14).
22
Suppose 0 = -5*b + 3*n - n + 40, -4*b + 25 = -3*n. Let y(j) = -j + 15 - 4*j + 13*j - b*j. What is y(7)?
1
Let t(z) = -z**2 + 11*z + 6. Suppose -4*m - 28 = -4*d, -7*d - m + 17 = -4*d. Let h(p) = -p. Let k(o) = d*h(o) + t(o). Calculate k(6).
0
Let v(f) = -f**2 - 2*f + 275. Let w(z) = 2*z - 1. Let b(j) = v(j) + 3*w(j). Let s(o) be the first derivative of b(o). Calculate s(2).
0
Let k(c) = 5*c**3 + 125*c**2 - 98*c + 32. Let b(s) = -s**3 - 31*s**2 + 25*s - 8. Let a(r) = -9*b(r) - 2*k(r). Determine a(28).
-20
Let x(y) = -y**3 - 6*y**2 + 6*y - 9. Let d be 3*(2 + 1 - 14/6). Suppose 16 = d*q - 2*h, -1 = h + 3. Suppose z = -o + q*o + 16, o - 5*z - 18 = 0. Give x(o).
-2
Suppose -14*o = -15*o - 5. Let b(q) be the first derivative of -q**5/20 - 5*q**4/12 + 3*q**2 + q - 20. Let k(s) be the first derivative of b(s). Determine k(o).
6
Let g(y) = -12*y**2 - 34*y - 9. Let a(l) = -26*l**2 - 76*l - 18. Let c(z) = -4*a(z) + 9*g(z). Give c(4).
-81
Suppose -8 = -4*d - 5*r, -4 = -2*d + 2*r + 2*r. Let q(h) = -5*h**d - h**2 + 10*h + 9 + 5*h**2 - 7. What is q(10)?
2
Let y(h) = -3226*h**3 + 3225*h**3 - 5 + 30*h**2 + 29*h + 48. What is y(31)?
-19
Let j(y) be the first derivative of -y**3/3 + 6*y**2 - 20*y - 415. Determine j(5).
15
Let g(n) = 21*n + 17*n - 25 + 37 - 49*n + 31*n. Determine g(-2).
-28
Let t(p) = -21*p - 311. Let r(l) = 14*l + 209. Let j(f) = -7*r(f) - 5*t(f). Calculate j(-14).
-6
Let r(o) = -6 - 7*o**2 - o - o - o**3 + 2*o**2. Suppose -2*n = -2*g, 385*g - 20 = 392*g - 3*n. Give r(g).
4
Let t(f) = 9*f**2 - 7*f**2 - f - 3*f**3 + 2 + 4*f**3. Suppose -1 + 49 = 5*a - 21*a. What is t(a)?
-4
Let i = -18 - -34. Let h(w) = -3*w**2 + 3 + 38*w - 17*w - 5 - i*w. Let a = 4 - 1. Determine h(a).
-14
Let z(f) = -30*f**2 - f - 1. Let m be z(5). Let k = -391 - m. Let b(y) = 184*y - k*y + 187*y - y**2. Determine b(6).
0
Let o(q) = 20 - 1457*q + 2963*q + 2*q**2 - 1529*q. Calculate o(10).
-10
Let l(m) = -15*m - 34. Let v(i) = 69 - 6*i - 85 - i. Let x(r) = 6*l(r) - 13*v(r). Suppose 0 = 33*z - 36*z. Calculate x(z).
4
Let r(d) be the first derivative of -d**4/4 - 14*d**3/3 + d**2 + 21*d - 6044. Suppose 16*s = 13*s - 42. Give r(s).
-7
Let y(c) = 4*c - 5460*c**3 - 2 + 12 + 15 + 5461*c**3 + 14*c**2 + 6. Give y(-14).
-25
Let b(g) = g**3 - 19*g**2 - 4*g + 4. Let h(s) = 3*s**3 - 58*s**2 - 12*s + 13. Let a(y) = -16*b(y) + 5*h(y). Give a(14).
57
Suppose 131*o + 549 - 45 = -544. Let t(c) be the first derivative of -c**2/2 - 16*c - 2. Determine t(o).
-8
Suppose -256*q = -251*q - 20. Suppose 5*v + 3*n = -0*v - 10, -2*n + 30 = -q*v. Let u(h) = 0*h**2 - 6*h**2 - 2 - 5 - h**3 - 5*h. Give u(v).
-7
Let g(l) = -41*l - 13. Let j(v) = -14*v + 3. Let k(m) = 8*m. Let a(o) = 2*j(o) + 6*k(o). Let d(f) = 9*a(f) + 4*g(f). What is d(1)?
18
Let c(o) be the first derivative of 7*o**2/2 + 14*o - 31. Suppose -2*a - 2*h + 1 = -0